the remainder when 789 is divided by 633?
156
What is the remainder when 17291 is divided by 179?
107
What is the remainder when 87476 is divided by 1136?
4
What is the remainder when 426 is divided by 419?
7
What is the remainder when 364108 is divided by 6?
4
Calculate the remainder when 3382692 is divided by 17.
15
Calculate the remainder when 3283 is divided by 3127.
156
What is the remainder when 97278 is divided by 242?
236
What is the remainder when 76767 is divided by 99?
42
Calculate the remainder when 11246 is divided by 53.
10
Calculate the remainder when 8506 is divided by 33.
25
Calculate the remainder when 23419 is divided by 781.
770
What is the remainder when 46842 is divided by 28?
26
What is the remainder when 810846 is divided by 686?
680
What is the remainder when 34695 is divided by 41?
9
What is the remainder when 2901 is divided by 714?
45
What is the remainder when 20443 is divided by 173?
29
What is the remainder when 4090 is divided by 1357?
19
What is the remainder when 3340 is divided by 1110?
10
Calculate the remainder when 354703 is divided by 51.
49
What is the remainder when 2041801 is divided by 238?
237
Calculate the remainder when 17472 is divided by 1452.
48
Calculate the remainder when 4300 is divided by 848.
60
What is the remainder when 20021897 is divided by 577?
574
What is the remainder when 1160 is divided by 180?
80
What is the remainder when 244017 is divided by 1245?
1242
Calculate the remainder when 201191 is divided by 8046.
41
What is the remainder when 61882 is divided by 319?
315
Calculate the remainder when 18071 is divided by 17.
0
Calculate the remainder when 57939 is divided by 19229.
252
Calculate the remainder when 12168 is divided by 12159.
9
Calculate the remainder when 3475 is divided by 50.
25
Calculate the remainder when 2094 is divided by 254.
62
What is the remainder when 390422 is divided by 97603?
10
Calculate the remainder when 20686 is divided by 831.
742
What is the remainder when 95533 is divided by 1100?
933
Calculate the remainder when 20123 is divided by 6707.
2
What is the remainder when 212972 is divided by 72?
68
What is the remainder when 293955 is divided by 1441?
1432
Calculate the remainder when 72664 is divided by 360.
304
What is the remainder when 303112 is divided by 22?
18
Calculate the remainder when 213184 is divided by 748.
4
Calculate the remainder when 1806 is divided by 439.
50
What is the remainder when 14064 is divided by 26?
24
What is the remainder when 12692 is divided by 23?
19
What is the remainder when 19335 is divided by 9664?
7
Calculate the remainder when 4423 is divided by 3286.
1137
What is the remainder when 14256 is divided by 38?
6
What is the remainder when 19463 is divided by 68?
15
What is the remainder when 111629 is divided by 183?
182
Calculate the remainder when 3193 is divided by 74.
11
Calculate the remainder when 56203 is divided by 56201.
2
Calculate the remainder when 4789 is divided by 973.
897
What is the remainder when 324637 is divided by 32?
29
What is the remainder when 2019 is divided by 2018?
1
Calculate the remainder when 41366 is divided by 15.
11
Calculate the remainder when 78 is divided by 36.
6
What is the remainder when 2405 is divided by 59?
45
What is the remainder when 1582 is divided by 221?
35
Calculate the remainder when 47468 is divided by 15818.
14
Calculate the remainder when 3728 is divided by 33.
32
What is the remainder when 4480 is divided by 477?
187
Calculate the remainder when 2343 is divided by 179.
16
What is the remainder when 15644 is divided by 189?
146
Calculate the remainder when 14879 is divided by 703.
116
Calculate the remainder when 5614 is divided by 1846.
76
Calculate the remainder when 170337 is divided by 15.
12
What is the remainder when 531438 is divided by 292?
290
What is the remainder when 104774 is divided by 26190?
14
Calculate the remainder when 740 is divided by 269.
202
What is the remainder when 99378 is divided by 3198?
240
What is the remainder when 5440 is divided by 417?
19
Calculate the remainder when 1686974 is divided by 15.
14
What is the remainder when 104408 is divided by 725?
8
What is the remainder when 84 is divided by 6?
0
What is the remainder when 129213 is divided by 95?
13
Calculate the remainder when 102961 is divided by 221.
196
Calculate the remainder when 110828 is divided by 332.
272
What is the remainder when 449 is divided by 317?
132
What is the remainder when 61469 is divided by 94?
87
Calculate the remainder when 84359 is divided by 148.
147
Calculate the remainder when 5098 is divided by 102.
100
What is the remainder when 13266 is divided by 580?
506
Calculate the remainder when 2510 is divided by 87.
74
Calculate the remainder when 11547 is divided by 11.
8
What is the remainder when 1886543 is divided by 27?
26
Calculate the remainder when 7207 is divided by 39.
31
What is the remainder when 6721 is divided by 50?
21
Calculate the remainder when 13889 is divided by 1563.
1385
Calculate the remainder when 42027 is divided by 327.
171
Calculate the remainder when 3824 is divided by 761.
19
Calculate the remainder when 14536 is divided by 721.
116
Calculate the remainder when 3496 is divided by 869.
20
Calculate the remainder when 4663 is divided by 358.
9
Calculate the remainder when 1593259 is divided by 145.
144
What is the remainder when 20146 is divided by 19975?
171
What is the remainder when 2757 is divided by 1678?
1079
What is the remainder when 27094 is divided by 2?
0
Calculate the remainder when 31005 is divided by 223.
8
Calculate the remainder when 108840 is divided by 1057.
1026
What is the remainder when 87597 is divided by 30?
27
What is the remainder when 2713 is divided by 151?
146
Calculate the remainder when 1848 is divided by 756.
336
What is the remainder when 30187 is divided by 87?
85
What is the remainder when 197362 is divided by 41?
29
What is the remainder when 16220 is divided by 246?
230
What is the remainder when 17193 is divided by 703?
321
Calculate the remainder when 491 is divided by 239.
13
Calculate the remainder when 28926 is divided by 850.
26
Calculate the remainder when 446 is divided by 120.
86
Calculate the remainder when 4950 is divided by 160.
150
What is the remainder when 29724 is divided by 81?
78
What is the remainder when 19073 is divided by 2348?
289
What is the remainder when 15603 is divided by 2599?
9
What is the remainder when 1697128 is divided by 2236?
4
Calculate the remainder when 18444 is divided by 58.
0
Calculate the remainder when 426365 is divided by 2244.
5
What is the remainder when 124 is divided by 95?
29
Calculate the remainder when 21008 is divided by 20994.
14
What is the remainder when 2872 is divided by 841?
349
What is the remainder when 3923 is divided by 773?
58
Calculate the remainder when 147739 is divided by 684.
679
Calculate the remainder when 192867 is divided by 183.
168
What is the remainder when 801 is divided by 61?
8
Calculate the remainder when 6162743 is divided by 55.
48
What is the remainder when 5390 is divided by 12?
2
Calculate the remainder when 339092 is divided by 457.
455
What is the remainder when 7364 is divided by 3679?
6
What is the remainder when 621710 is divided by 208?
206
Calculate the remainder when 4408 is divided by 759.
613
What is the remainder when 14448 is divided by 245?
238
What is the remainder when 9545 is divided by 597?
590
Calculate the remainder when 82913 is divided by 6908.
17
Calculate the remainder when 170895 is divided by 3974.
13
Calculate the remainder when 6496 is divided by 5265.
1231
What is the remainder when 39371 is divided by 9811?
127
What is the remainder when 5432 is divided by 54?
32
What is the remainder when 9614 is divided by 226?
122
Calculate the remainder when 10105 is divided by 1014.
979
What is the remainder when 2670873 is divided by 115?
113
What is the remainder when 516597 is divided by 20?
17
Calculate the remainder when 21404 is divided by 6862.
818
Calculate the remainder when 2596 is divided by 104.
100
Calculate the remainder when 596 is divided by 66.
2
Calculate the remainder when 2886 is divided by 15.
6
Calculate the remainder when 22637 is divided by 11.
10
Calculate the rema